hat is the greatest common divisor of 4389 and 1476965?
133
Calculate the highest common factor of 790679 and 205470.
761
Calculate the highest common divisor of 9 and 15128208.
9
Calculate the highest common factor of 2461 and 24840.
23
Calculate the greatest common divisor of 12042023 and 7.
7
What is the highest common divisor of 4515 and 52034085?
645
Calculate the highest common divisor of 4885613 and 487100.
4871
What is the greatest common divisor of 7110 and 33895345?
395
Calculate the highest common factor of 1989 and 5363163.
117
What is the greatest common factor of 61706357 and 57?
19
What is the highest common divisor of 8499419 and 2546?
67
What is the greatest common divisor of 60 and 36934320?
60
Calculate the highest common factor of 833 and 7089068.
119
What is the highest common factor of 103 and 491264577?
103
Calculate the highest common divisor of 22272295 and 85.
85
What is the highest common factor of 607352 and 5688?
632
Calculate the highest common factor of 28 and 180216890.
14
What is the greatest common factor of 4 and 5419560?
4
What is the greatest common divisor of 2688 and 1298976?
672
What is the greatest common factor of 3399 and 152053?
11
Calculate the highest common factor of 12545752 and 10024.
1432
What is the greatest common factor of 86321127 and 6?
3
Calculate the highest common divisor of 349899 and 561.
33
Calculate the greatest common divisor of 46064 and 127440.
16
Calculate the greatest common divisor of 1380 and 1094180.
20
What is the greatest common factor of 788280 and 10425?
15
Calculate the highest common factor of 230394 and 82156.
1786
What is the greatest common factor of 5011665 and 10992?
687
What is the greatest common factor of 21733 and 50161?
103
What is the greatest common divisor of 19732 and 21544?
4
What is the highest common factor of 1622250 and 284795?
3605
What is the highest common factor of 37647801 and 135?
27
What is the greatest common factor of 2490792 and 264879?
4647
What is the highest common divisor of 80265 and 22965?
15
What is the highest common divisor of 12286975 and 575?
25
Calculate the highest common divisor of 19 and 41208.
1
Calculate the greatest common divisor of 77 and 2131635.
11
Calculate the greatest common factor of 4256480 and 20480.
160
Calculate the greatest common divisor of 20510 and 244829335.
1465
Calculate the greatest common divisor of 466 and 16080029.
233
Calculate the highest common factor of 334679 and 3315.
17
Calculate the greatest common factor of 510 and 307630300.
170
What is the highest common divisor of 239674611 and 6633?
2211
Calculate the greatest common divisor of 10 and 3605312.
2
What is the highest common factor of 4412308 and 553?
79
Calculate the highest common factor of 15042 and 158388990.
654
Calculate the highest common factor of 3372 and 67674.
6
What is the greatest common divisor of 79337132 and 2870?
574
What is the highest common factor of 1467612 and 56007?
1143
Calculate the highest common factor of 318703704 and 396.
132
Calculate the highest common factor of 9950116 and 11.
11
What is the greatest common divisor of 117 and 1216461129?
39
What is the highest common divisor of 8 and 285328408?
8
What is the greatest common divisor of 465249878 and 11972?
5986
Calculate the greatest common divisor of 129615 and 8520.
15
What is the highest common divisor of 700 and 182896?
28
What is the greatest common divisor of 27264 and 60686256?
3408
Calculate the highest common divisor of 1122 and 1428.
102
What is the greatest common factor of 152994 and 41538?
258
What is the highest common factor of 875 and 622090?
35
What is the greatest common factor of 579524 and 748?
44
What is the highest common factor of 46135339 and 2127?
709
Calculate the highest common divisor of 606 and 5648122.
202
Calculate the highest common factor of 1212132 and 530612.
4868
What is the greatest common factor of 77149 and 796919?
431
What is the highest common factor of 91 and 3554033?
7
What is the greatest common factor of 2298895 and 936746?
4297
What is the greatest common divisor of 13 and 1222612586?
13
Calculate the highest common factor of 198 and 34385562.
18
What is the greatest common factor of 14419575 and 2907?
171
What is the highest common factor of 9204336 and 12?
12
Calculate the greatest common divisor of 11169015 and 273.
39
What is the greatest common factor of 106048512 and 192?
192
What is the highest common factor of 483035 and 3515?
185
Calculate the greatest common factor of 3942459 and 14949.
1359
What is the greatest common factor of 8107 and 23386759?
121
Calculate the highest common divisor of 551144709 and 918.
459
What is the greatest common factor of 60632 and 378768?
104
Calculate the greatest common factor of 23393370 and 4180.
2090
What is the highest common factor of 362 and 2028105?
181
What is the greatest common factor of 315865980 and 618?
618
Calculate the greatest common divisor of 17901 and 16729173.
1377
Calculate the greatest common divisor of 14663536 and 208.
16
Calculate the greatest common divisor of 257408 and 111744.
128
What is the greatest common divisor of 8049832 and 266476?
868
Calculate the greatest common factor of 1976209 and 229501.
893
Calculate the highest common divisor of 1071746 and 1040.
26
Calculate the greatest common divisor of 78 and 318544044.
78
Calculate the highest common divisor of 13155 and 14785.
5
Calculate the highest common divisor of 3650603 and 8987.
209
What is the highest common divisor of 145137114 and 54?
18
What is the greatest common divisor of 1324944 and 4656?
48
What is the greatest common factor of 4844544 and 74119?
1577
What is the highest common factor of 1676082 and 900618?
2454
Calculate the highest common factor of 192869 and 18943.
19
Calculate the greatest common divisor of 56 and 271166608.
8
What is the highest common divisor of 4941 and 37991776?
61
Calculate the greatest common factor of 11097091 and 7456.
233
Calculate the highest common factor of 459 and 10649565.
153
Calculate the highest common divisor of 281686 and 10922.
254
Calculate the greatest common factor of 261844 and 99544.
2164
Calculate the highest common divisor of 180 and 378166860.
180
What is the highest common divisor of 269062 and 32?
2
Calculate the highest common divisor of 1162 and 552116.
166
What is the greatest common divisor of 1347 and 7623?
3
Calculate the highest common divisor of 234 and 4320450.
18
Calculate the greatest common divisor of 84906 and 235672.
178
What is the greatest common divisor of 23747376 and 1680?
48
What is the highest common divisor of 40442 and 1146226?
554
What is the greatest common factor of 568120 and 5660?
20
Calculate the greatest common divisor of 770185 and 623077.
533
Calculate the greatest common factor of 14814447 and 143115.
4089
What is the highest common factor of 1668074 and 142?
142
What is the highest common factor of 417645 and 1035?
45
Calculate the greatest common factor of 3624 and 1466361.
453
What is the greatest common divisor of 30384958 and 105038?
3622
Calculate the greatest common factor of 2624 and 13476864.
2624
Calculate the greatest common divisor of 987363537 and 9049.
9049
Calculate the highest common divisor of 177391248 and 24.
24
Calculate the greatest common factor of 47096 and 20202.
14
What is the greatest common divisor of 94469 and 25073184?
5557
What is the greatest common divisor of 269896915 and 3195?
355
Calculate the highest common divisor of 12099690 and 16310.
2330
Calculate the greatest common divisor of 2309834 and 12934.
446
Calculate the greatest common factor of 189714690 and 990.
990
Calculate the highest common divisor of 45672 and 32780.
44
What is the greatest common divisor of 6186 and 60298035?
3093
What is the highest common divisor of 13935733 and 1785?
119
Calculate the highest common factor of 5428336 and 3.
1
What is the greatest common factor of 296045 and 40?
5
What is the greatest common divisor of 83474050 and 1100?
550
Calculate the greatest common divisor of 2788 and 318886.
34
Calculate the highest common factor of 8692 and 82820.
164
What is the highest common divisor of 60156 and 521919?
9
Calculate the greatest common factor of 249450 and 31350.
150
